91?
11, 13, 1951, 8087
List the prime factors of 69490517.
293, 487
What are the prime factors of 285534039?
3, 7, 1567, 8677
List the prime factors of 94793691.
3, 31, 139, 7333
List the prime factors of 168934910.
2, 5, 16893491
What are the prime factors of 6294878597?
7, 89, 10104139
List the prime factors of 3841251727.
71, 431, 125527
What are the prime factors of 208582480?
2, 5, 733, 3557
What are the prime factors of 553767696?
2, 3, 1051, 3659
What are the prime factors of 3009250516?
2, 752312629
What are the prime factors of 97483067?
11, 8862097
What are the prime factors of 1318266660?
2, 3, 5, 21971111
List the prime factors of 69720852.
2, 3, 5810071
List the prime factors of 555238486.
2, 11, 25238113
What are the prime factors of 807389070?
2, 3, 5, 43, 625883
List the prime factors of 21459271.
607, 35353
List the prime factors of 13133160.
2, 3, 5, 191
What are the prime factors of 93957445?
5, 41, 677
List the prime factors of 3270341083.
1367, 2392349
What are the prime factors of 64304282?
2, 7, 823, 5581
List the prime factors of 356728662.
2, 3, 73, 271483
List the prime factors of 5996690257.
2111, 2840687
List the prime factors of 2266011665.
5, 97, 4672189
List the prime factors of 542656681.
7, 77522383
List the prime factors of 927079398.
2, 3, 7, 43, 57037
List the prime factors of 146022109.
43, 59, 57557
List the prime factors of 2163007077.
3, 7, 11, 1511, 6197
List the prime factors of 75962681.
17, 4468393
List the prime factors of 94284811.
94284811
List the prime factors of 148135229.
11, 17, 19, 173, 241
What are the prime factors of 21230723?
1627, 13049
What are the prime factors of 32660897?
23, 1420039
What are the prime factors of 173724360?
2, 3, 5, 17, 85159
List the prime factors of 1393335.
3, 5, 10321
What are the prime factors of 50835138?
2, 3, 8472523
List the prime factors of 67972225.
5, 2718889
List the prime factors of 35520143.
35520143
What are the prime factors of 451459186?
2, 8287, 27239
What are the prime factors of 662144397?
3, 220714799
What are the prime factors of 3244477750?
2, 5, 23, 564257
List the prime factors of 1837750066.
2, 918875033
What are the prime factors of 311236749?
3, 227, 16927
What are the prime factors of 3040149555?
3, 5, 373, 181123
List the prime factors of 133830988.
2, 971, 34457
List the prime factors of 117910342.
2, 11, 37, 41, 3533
List the prime factors of 210402391.
3323, 63317
List the prime factors of 142542107.
142542107
What are the prime factors of 233670706?
2, 6269, 18637
List the prime factors of 657695587.
131, 5020577
What are the prime factors of 223796158?
2, 1439, 77761
What are the prime factors of 34683613?
34683613
List the prime factors of 2374308227.
421, 829, 6803
List the prime factors of 98129295.
3, 5, 11, 198241
List the prime factors of 546822665.
5, 2999, 36467
List the prime factors of 35480467.
11, 19, 23, 61
List the prime factors of 32389088.
2, 1012159
List the prime factors of 89562868.
2, 17, 653, 2017
What are the prime factors of 29821718?
2, 2897, 5147
What are the prime factors of 443637051?
3, 11, 13, 1034119
What are the prime factors of 38429715?
3, 5, 2561981
What are the prime factors of 1203173424?
2, 3, 23, 363277
What are the prime factors of 1598321?
53, 569
List the prime factors of 179007121.
59, 3034019
List the prime factors of 721243404.
2, 3, 7, 2862077
List the prime factors of 261126151.
11, 13, 241, 7577
List the prime factors of 446804773.
446804773
List the prime factors of 7479345.
3, 5, 47, 103
What are the prime factors of 12277886?
2, 521, 11783
What are the prime factors of 1536126948?
2, 3, 42670193
List the prime factors of 3113174895.
3, 5, 17, 41, 191, 1559
List the prime factors of 895780776.
2, 3, 11, 3393109
List the prime factors of 687686023.
17, 40452119
What are the prime factors of 829317752?
2, 103664719
List the prime factors of 47617711.
47617711
What are the prime factors of 457634815?
5, 11, 17, 489449
What are the prime factors of 28765971?
3, 13, 245863
List the prime factors of 141231612.
2, 3, 97, 121333
List the prime factors of 657021535.
5, 29, 73, 62071
What are the prime factors of 17590156?
2, 131, 33569
What are the prime factors of 125647980?
2, 3, 5, 97, 21589
What are the prime factors of 104373060?
2, 3, 5, 11, 158141
What are the prime factors of 391464958?
2, 37, 5290067
List the prime factors of 52103955.
3, 5, 37, 269, 349
What are the prime factors of 34835157?
3, 7, 149, 1237
List the prime factors of 1237505842.
2, 631, 980591
What are the prime factors of 615193721?
89, 251, 27539
What are the prime factors of 72382490?
2, 5, 569, 12721
What are the prime factors of 5847261570?
2, 3, 5, 53, 139, 8819
What are the prime factors of 90310718?
2, 45155359
What are the prime factors of 848937605?
5, 43, 3948547
What are the prime factors of 37213105?
5, 7442621
List the prime factors of 2297301464.
2, 89, 3226547
What are the prime factors of 282741756?
2, 3, 11, 17, 163, 773
What are the prime factors of 1854793312?
2, 3733, 15527
What are the prime factors of 5258528519?
17, 463, 668089
What are the prime factors of 159081741?
3, 7, 13, 194239
List the prime factors of 612633980.
2, 5, 7, 23, 61, 3119
What are the prime factors of 116444407?
17, 19, 360509
What are the prime factors of 181295116?
2, 37, 1224967
List the prime factors of 2904721467.
3, 968240489
What are the prime factors of 8373173?
23, 73, 4987
List the prime factors of 226968137.
11, 863, 23909
What are the prime factors of 107336935?
5, 461, 46567
What are the prime factors of 985725107?
79, 89, 140197
List the prime factors of 82323024.
2, 3, 7, 491, 499
List the prime factors of 417393871.
367, 1137313
What are the prime factors of 2168658382?
2, 11, 31, 3179851
What are the prime factors of 427103311?
109, 3918379
List the prime factors of 289706375.
5, 7, 29, 233
What are the prime factors of 98105516?
2, 24526379
List the prime factors of 1647457853.
599, 2750347
List the prime factors of 9458878.
2, 11, 13, 33073
List the prime factors of 5241704.
2, 13, 3877
List the prime factors of 120840266.
2, 19, 3180007
What are the prime factors of 321286436?
2, 80321609
What are the prime factors of 360046231?
360046231
List the prime factors of 241582636.
2, 1279, 47221
What are the prime factors of 86884885?
5, 17376977
List the prime factors of 2197876.
2, 71, 109
What are the prime factors of 20955388?
2, 5238847
List the prime factors of 49228408.
2, 149, 41299
List the prime factors of 843278951.
37, 67, 340169
What are the prime factors of 5728010?
2, 5, 572801
List the prime factors of 21042887.
47, 463, 967
List the prime factors of 9896996.
2, 509, 4861
What are the prime factors of 1605442623?
3, 17551, 30491
What are the prime factors of 235812570?
2, 3, 5, 7, 491, 2287
List the prime factors of 5334251985.
3, 5, 73, 937, 1733
What are the prime factors of 78199605?
3, 5, 11, 239, 661
What are the prime factors of 6622595?
5, 7, 27031
What are the prime factors of 183654268?
2, 7, 6559081
What are the prime factors of 340079205?
3, 5, 3863, 5869
List the prime factors of 873753212.
2, 241, 906383
List the prime factors of 1431299802.
2, 3, 17, 421, 33331
List the prime factors of 378075968.
2, 5907437
List the prime factors of 2967507651.
3, 989169217
What are the prime factors of 6410744881?
6410744881
What are the prime factors of 32567413?
32567413
List the prime factors of 3863948299.
3863948299
List the prime factors of 396181083.
3, 132060361
What are the prime factors of 47418571?
23, 37, 55721
What are the prime factors of 1927234114?
2, 13, 43, 1723823
List the prime factors of 76997219.
13, 43, 181, 761
What are the prime factors of 506206242?
2, 3, 479, 58711
What are the prime factors of 659989556?
2, 164997389
List the prime factors of 308016744.
2, 3, 7, 17, 31, 71
What are the prime factors of 727349081?
4423, 164447
List the prime factors of 2550664098.
2, 3, 163, 587, 1481
What are the prime factors of 4555223765?
5, 911044753
What are the prime factors of 46615579?
46615579
List the prime factors of 4743666397.
67, 70800991
What are the prime factors of 116774857?
293, 398549
What are the prime factors of 5302625612?
2, 41, 32333083
What are the pr